{"id":5,"date":"2021-10-18T15:18:48","date_gmt":"2021-10-18T12:18:48","guid":{"rendered":"https:\/\/kulaus.fi\/club-10th-street\/?page_id=5"},"modified":"2026-02-16T15:35:54","modified_gmt":"2026-02-16T13:35:54","slug":"luo-sivustosi-lohkoilla","status":"publish","type":"page","link":"https:\/\/kulaus.fi\/alakulaus\/","title":{"rendered":"Alakulaus"},"content":{"rendered":"\n<h4 class=\"wp-block-heading alignwide has-text-align-wide has-gigantic-font-size\" style=\"line-height:1.1\">Sein\u00e4joen keskustassa sijaitseva vaihtoehto -baari. Meilt\u00e4 l\u00f6ytyy y\u00f6kerho- ja karaokepuoli. Erilaisia tapahtumia l\u00e4hes joka viikonloppu! Alakulaus tarjoaa my\u00f6s mahdollisuuksia yksityisjuhliin.<\/h4>\n\n\n\n<hr class=\"wp-block-separator has-text-color has-medium-gray-color has-css-opacity has-medium-gray-background-color has-background\"\/>\n\n\n\n<hr class=\"wp-block-separator has-text-color has-medium-gray-color has-css-opacity has-medium-gray-background-color has-background\"\/>\n\n\n\n<div class=\"wp-block-cover\"><img loading=\"lazy\" decoding=\"async\" width=\"2560\" height=\"1707\" class=\"wp-block-cover__image-background wp-image-42\" alt=\"\" src=\"https:\/\/kulaus.fi\/club-10th-street\/wp-content\/uploads\/2021\/10\/DSCF4699-scaled.jpg\" data-object-fit=\"cover\" srcset=\"https:\/\/kulaus.fi\/alakulaus\/wp-content\/uploads\/2021\/10\/DSCF4699-scaled.jpg 2560w, https:\/\/kulaus.fi\/alakulaus\/wp-content\/uploads\/2021\/10\/DSCF4699-300x200.jpg 300w, https:\/\/kulaus.fi\/alakulaus\/wp-content\/uploads\/2021\/10\/DSCF4699-1024x683.jpg 1024w, https:\/\/kulaus.fi\/alakulaus\/wp-content\/uploads\/2021\/10\/DSCF4699-768x512.jpg 768w, https:\/\/kulaus.fi\/alakulaus\/wp-content\/uploads\/2021\/10\/DSCF4699-1536x1024.jpg 1536w, https:\/\/kulaus.fi\/alakulaus\/wp-content\/uploads\/2021\/10\/DSCF4699-2048x1365.jpg 2048w\" sizes=\"auto, (max-width: 2560px) 100vw, 2560px\" \/><span aria-hidden=\"true\" class=\"wp-block-cover__background has-background-dim-0 has-background-dim\"><\/span><div class=\"wp-block-cover__inner-container is-layout-flow wp-block-cover-is-layout-flow\">\n<p class=\"has-text-align-left has-large-font-size\">Alakulaus on loistava paikka yleisille ja yksityisille tilaisuuksille <\/p>\n<\/div><\/div>\n\n\n\n<hr class=\"wp-block-separator has-text-color has-medium-gray-color has-css-opacity has-medium-gray-background-color has-background\"\/>\n","protected":false},"excerpt":{"rendered":"<p>Sein\u00e4joen keskustassa sijaitseva vaihtoehto -baari. Meilt\u00e4 l\u00f6ytyy y\u00f6kerho- ja karaokepuoli. Erilaisia tapahtumia l\u00e4hes joka viikonloppu! Alakulaus tarjoaa my\u00f6s mahdollisuuksia yksityisjuhliin.<\/p>\n","protected":false},"author":1,"featured_media":0,"parent":0,"menu_order":0,"comment_status":"closed","ping_status":"closed","template":"","meta":{"footnotes":""},"class_list":["post-5","page","type-page","status-publish","hentry"],"_links":{"self":[{"href":"https:\/\/kulaus.fi\/alakulaus\/wp-json\/wp\/v2\/pages\/5","targetHints":{"allow":["GET"]}}],"collection":[{"href":"https:\/\/kulaus.fi\/alakulaus\/wp-json\/wp\/v2\/pages"}],"about":[{"href":"https:\/\/kulaus.fi\/alakulaus\/wp-json\/wp\/v2\/types\/page"}],"author":[{"embeddable":true,"href":"https:\/\/kulaus.fi\/alakulaus\/wp-json\/wp\/v2\/users\/1"}],"replies":[{"embeddable":true,"href":"https:\/\/kulaus.fi\/alakulaus\/wp-json\/wp\/v2\/comments?post=5"}],"version-history":[{"count":13,"href":"https:\/\/kulaus.fi\/alakulaus\/wp-json\/wp\/v2\/pages\/5\/revisions"}],"predecessor-version":[{"id":122,"href":"https:\/\/kulaus.fi\/alakulaus\/wp-json\/wp\/v2\/pages\/5\/revisions\/122"}],"wp:attachment":[{"href":"https:\/\/kulaus.fi\/alakulaus\/wp-json\/wp\/v2\/media?parent=5"}],"curies":[{"name":"wp","href":"https:\/\/api.w.org\/{rel}","templated":true}]}}